{"id":30,"date":"2021-07-13T15:28:09","date_gmt":"2021-07-13T13:28:09","guid":{"rendered":"https:\/\/profil-mlabbe.fr\/chezlulu\/?page_id=30"},"modified":"2021-07-20T11:47:23","modified_gmt":"2021-07-20T09:47:23","slug":"les-recettes-de-lulu","status":"publish","type":"page","link":"https:\/\/profil-mlabbe.fr\/chezlulu\/les-recettes-de-lulu\/","title":{"rendered":"Les Recettes de Lulu"},"content":{"rendered":"\n<div class=\"wp-block-group\"><div class=\"wp-block-group__inner-container is-layout-flow wp-block-group-is-layout-flow\"><ul class=\"wp-block-latest-posts__list is-grid columns-3 alignleft wp-block-latest-posts\"><li><div class=\"wp-block-latest-posts__featured-image aligncenter\"><img loading=\"lazy\" decoding=\"async\" width=\"640\" height=\"420\" src=\"https:\/\/profil-mlabbe.fr\/chezlulu\/wp-content\/uploads\/2021\/07\/entrecote-grillee-et-frites-maison.jpg\" class=\"attachment-large size-large wp-post-image\" alt=\"Entrec\u00f4te frites\" style=\"\" srcset=\"https:\/\/profil-mlabbe.fr\/chezlulu\/wp-content\/uploads\/2021\/07\/entrecote-grillee-et-frites-maison.jpg 640w, https:\/\/profil-mlabbe.fr\/chezlulu\/wp-content\/uploads\/2021\/07\/entrecote-grillee-et-frites-maison-300x197.jpg 300w, https:\/\/profil-mlabbe.fr\/chezlulu\/wp-content\/uploads\/2021\/07\/entrecote-grillee-et-frites-maison-75x50.jpg 75w\" sizes=\"auto, (max-width: 640px) 100vw, 640px\" \/><\/div><a class=\"wp-block-latest-posts__post-title\" href=\"https:\/\/profil-mlabbe.fr\/chezlulu\/entrecote-frites\/\">Entrec\u00f4te frites<\/a><div class=\"wp-block-latest-posts__post-excerpt\">Un d\u00e9licieux plat, une entrec\u00f4te avec des frites maison. On peut aussi le d\u00e9guster le dimanche tellement c\u2019est bon. Ingr\u00e9dients pour 4 personnes 1 kg de pommes de terre Bintje 4 entrec\u00f4tes\u2026 <a class=\"wp-block-latest-posts__read-more\" href=\"https:\/\/profil-mlabbe.fr\/chezlulu\/entrecote-frites\/\" rel=\"noopener noreferrer\">Lire la suite<span class=\"screen-reader-text\">\u00a0: Entrec\u00f4te frites<\/span><\/a><\/div><\/li>\n<li><div class=\"wp-block-latest-posts__featured-image aligncenter\"><img loading=\"lazy\" decoding=\"async\" width=\"640\" height=\"420\" src=\"https:\/\/profil-mlabbe.fr\/chezlulu\/wp-content\/uploads\/2021\/07\/boeuf-bourguignon-traditionnel.jpeg\" class=\"attachment-large size-large wp-post-image\" alt=\"Boeuf Bourguignon\" style=\"\" srcset=\"https:\/\/profil-mlabbe.fr\/chezlulu\/wp-content\/uploads\/2021\/07\/boeuf-bourguignon-traditionnel.jpeg 640w, https:\/\/profil-mlabbe.fr\/chezlulu\/wp-content\/uploads\/2021\/07\/boeuf-bourguignon-traditionnel-300x197.jpeg 300w, https:\/\/profil-mlabbe.fr\/chezlulu\/wp-content\/uploads\/2021\/07\/boeuf-bourguignon-traditionnel-75x50.jpeg 75w\" sizes=\"auto, (max-width: 640px) 100vw, 640px\" \/><\/div><a class=\"wp-block-latest-posts__post-title\" href=\"https:\/\/profil-mlabbe.fr\/chezlulu\/boeuf-bourguignon\/\">Boeuf bourguignon<\/a><div class=\"wp-block-latest-posts__post-excerpt\">Une recette pour se r\u00e9concilier avec le boeuf bourguignon traditionnel. Un grand classique ! Ingr\u00e9dients pour 6 personnes 1,5 kg de boeuf \u00e0 braiser (jumeau ou macreuse ou collier) 200 g de\u2026 <a class=\"wp-block-latest-posts__read-more\" href=\"https:\/\/profil-mlabbe.fr\/chezlulu\/boeuf-bourguignon\/\" rel=\"noopener noreferrer\">Lire la suite<span class=\"screen-reader-text\">\u00a0: Boeuf bourguignon<\/span><\/a><\/div><\/li>\n<li><div class=\"wp-block-latest-posts__featured-image aligncenter\"><img loading=\"lazy\" decoding=\"async\" width=\"640\" height=\"420\" src=\"https:\/\/profil-mlabbe.fr\/chezlulu\/wp-content\/uploads\/2021\/07\/tarte-fraises.jpg\" class=\"attachment-large size-large wp-post-image\" alt=\"Tarte aux fraises\" style=\"\" srcset=\"https:\/\/profil-mlabbe.fr\/chezlulu\/wp-content\/uploads\/2021\/07\/tarte-fraises.jpg 640w, https:\/\/profil-mlabbe.fr\/chezlulu\/wp-content\/uploads\/2021\/07\/tarte-fraises-300x197.jpg 300w, https:\/\/profil-mlabbe.fr\/chezlulu\/wp-content\/uploads\/2021\/07\/tarte-fraises-75x50.jpg 75w\" sizes=\"auto, (max-width: 640px) 100vw, 640px\" \/><\/div><a class=\"wp-block-latest-posts__post-title\" href=\"https:\/\/profil-mlabbe.fr\/chezlulu\/tarte-aux-fraises\/\">Tarte aux fraises<\/a><div class=\"wp-block-latest-posts__post-excerpt\">Une tarte aux fraises classique pour apporter un peu de gaiet\u00e9 et de soleil dans nos assiettes Ingr\u00e9dients (6 personnes) Pour la p\u00e2te : 140g de farine 55g de beurre 30g de\u2026 <a class=\"wp-block-latest-posts__read-more\" href=\"https:\/\/profil-mlabbe.fr\/chezlulu\/tarte-aux-fraises\/\" rel=\"noopener noreferrer\">Lire la suite<span class=\"screen-reader-text\">\u00a0: Tarte aux fraises<\/span><\/a><\/div><\/li>\n<li><div class=\"wp-block-latest-posts__featured-image aligncenter\"><img loading=\"lazy\" decoding=\"async\" width=\"640\" height=\"420\" src=\"https:\/\/profil-mlabbe.fr\/chezlulu\/wp-content\/uploads\/2021\/07\/blanquette-de-veau-traditionnelle.jpg\" class=\"attachment-large size-large wp-post-image\" alt=\"blanquette-de-veau-traditionnelle\" style=\"\" srcset=\"https:\/\/profil-mlabbe.fr\/chezlulu\/wp-content\/uploads\/2021\/07\/blanquette-de-veau-traditionnelle.jpg 640w, https:\/\/profil-mlabbe.fr\/chezlulu\/wp-content\/uploads\/2021\/07\/blanquette-de-veau-traditionnelle-300x197.jpg 300w, https:\/\/profil-mlabbe.fr\/chezlulu\/wp-content\/uploads\/2021\/07\/blanquette-de-veau-traditionnelle-75x50.jpg 75w\" sizes=\"auto, (max-width: 640px) 100vw, 640px\" \/><\/div><a class=\"wp-block-latest-posts__post-title\" href=\"https:\/\/profil-mlabbe.fr\/chezlulu\/blanquette-de-veau-traditionnelle\/\">Blanquette de veau traditionnelle<\/a><div class=\"wp-block-latest-posts__post-excerpt\">Le classique des classiques\u2026 presque une ic\u00f4ne ! De la viande de veau fondante dans une sauce riche en cr\u00e8me\u2026 Un plat \u00e0 partager en famille ou entre amis en toutes saisons.\u2026 <a class=\"wp-block-latest-posts__read-more\" href=\"https:\/\/profil-mlabbe.fr\/chezlulu\/blanquette-de-veau-traditionnelle\/\" rel=\"noopener noreferrer\">Lire la suite<span class=\"screen-reader-text\">\u00a0: Blanquette de veau traditionnelle<\/span><\/a><\/div><\/li>\n<\/ul><\/div><\/div>\n","protected":false},"excerpt":{"rendered":"","protected":false},"author":1,"featured_media":0,"parent":0,"menu_order":0,"comment_status":"closed","ping_status":"closed","template":"page-templates\/full-width.php","meta":{"_et_pb_use_builder":"","_et_pb_old_content":"","_et_gb_content_width":"","footnotes":""},"class_list":["post-30","page","type-page","status-publish","hentry"],"_links":{"self":[{"href":"https:\/\/profil-mlabbe.fr\/chezlulu\/wp-json\/wp\/v2\/pages\/30","targetHints":{"allow":["GET"]}}],"collection":[{"href":"https:\/\/profil-mlabbe.fr\/chezlulu\/wp-json\/wp\/v2\/pages"}],"about":[{"href":"https:\/\/profil-mlabbe.fr\/chezlulu\/wp-json\/wp\/v2\/types\/page"}],"author":[{"embeddable":true,"href":"https:\/\/profil-mlabbe.fr\/chezlulu\/wp-json\/wp\/v2\/users\/1"}],"replies":[{"embeddable":true,"href":"https:\/\/profil-mlabbe.fr\/chezlulu\/wp-json\/wp\/v2\/comments?post=30"}],"version-history":[{"count":12,"href":"https:\/\/profil-mlabbe.fr\/chezlulu\/wp-json\/wp\/v2\/pages\/30\/revisions"}],"predecessor-version":[{"id":198,"href":"https:\/\/profil-mlabbe.fr\/chezlulu\/wp-json\/wp\/v2\/pages\/30\/revisions\/198"}],"wp:attachment":[{"href":"https:\/\/profil-mlabbe.fr\/chezlulu\/wp-json\/wp\/v2\/media?parent=30"}],"curies":[{"name":"wp","href":"https:\/\/api.w.org\/{rel}","templated":true}]}}